or of 496 and 160456.
248
Calculate the greatest common divisor of 714 and 612.
102
Calculate the highest common factor of 1532 and 20.
4
What is the greatest common factor of 38502 and 2046?
186
Calculate the greatest common factor of 60690 and 168.
42
Calculate the highest common divisor of 1526 and 938.
14
Calculate the greatest common factor of 158658 and 558.
186
What is the greatest common factor of 20734 and 42?
14
What is the greatest common factor of 4343664 and 208?
208
Calculate the highest common factor of 17425 and 41.
41
What is the greatest common divisor of 525 and 79002?
21
What is the greatest common factor of 22 and 2438227?
11
Calculate the greatest common divisor of 98 and 51457.
7
What is the highest common factor of 138 and 1694226?
138
Calculate the highest common factor of 9924 and 20.
4
What is the greatest common factor of 140 and 496580?
140
Calculate the greatest common divisor of 2495 and 178642.
499
What is the greatest common factor of 20567 and 24104?
131
What is the greatest common divisor of 702 and 8707959?
351
Calculate the greatest common divisor of 790887 and 3.
3
Calculate the highest common factor of 65 and 4472.
13
What is the greatest common divisor of 244046 and 22?
22
What is the greatest common factor of 74212 and 4?
4
Calculate the greatest common divisor of 154 and 2838.
22
Calculate the greatest common factor of 37 and 4902907.
37
Calculate the highest common factor of 59049 and 1.
1
What is the highest common factor of 200 and 433210?
10
Calculate the greatest common factor of 238 and 8903699.
119
Calculate the highest common factor of 34 and 5.
1
What is the highest common divisor of 232 and 19865?
29
Calculate the greatest common factor of 190951 and 4112.
257
Calculate the highest common divisor of 152 and 1737436.
76
What is the highest common factor of 83034 and 1512?
126
What is the highest common factor of 6462491 and 497?
497
What is the greatest common divisor of 1348870 and 20?
10
What is the highest common divisor of 74146 and 524?
262
Calculate the greatest common factor of 2113560 and 72.
72
Calculate the greatest common factor of 216 and 2251908.
108
What is the greatest common divisor of 1 and 5675?
1
Calculate the greatest common divisor of 24376 and 232.
8
Calculate the greatest common divisor of 4878 and 36.
18
What is the highest common divisor of 1470 and 540?
30
Calculate the greatest common factor of 4878 and 387.
9
Calculate the greatest common divisor of 11 and 891.
11
What is the greatest common factor of 405375 and 1150?
575
What is the greatest common factor of 826 and 1764218?
118
Calculate the highest common divisor of 28747 and 969.
323
What is the greatest common divisor of 555 and 74666?
37
What is the greatest common factor of 31766 and 3584?
14
What is the highest common factor of 945 and 426951?
189
Calculate the highest common divisor of 75682 and 191600.
958
What is the greatest common factor of 406 and 203580?
58
Calculate the highest common divisor of 225 and 52825.
25
Calculate the greatest common factor of 1617 and 3619.
77
Calculate the highest common divisor of 774 and 3438.
18
Calculate the highest common divisor of 895 and 415.
5
What is the greatest common factor of 448 and 30656?
64
What is the greatest common factor of 22497 and 6?
3
What is the highest common divisor of 112 and 48272?
112
What is the greatest common factor of 94244 and 220?
4
What is the highest common factor of 30 and 339774?
6
What is the highest common divisor of 984 and 216?
24
What is the highest common factor of 48 and 6324?
12
What is the highest common factor of 4504 and 8992?
8
What is the highest common factor of 140 and 16924?
4
What is the greatest common divisor of 75 and 103485?
15
What is the highest common divisor of 615 and 435?
15
Calculate the greatest common divisor of 470 and 54614.
94
Calculate the greatest common factor of 110 and 1231538.
22
What is the highest common factor of 130 and 76830?
130
Calculate the greatest common factor of 11034 and 576.
18
What is the highest common factor of 1372 and 1945153?
343
What is the greatest common factor of 518 and 343?
7
Calculate the highest common factor of 139850 and 150.
50
Calculate the highest common factor of 4953 and 4485.
39
Calculate the greatest common factor of 486 and 35802.
162
Calculate the highest common factor of 11305 and 31745.
35
Calculate the greatest common factor of 158200 and 35.
35
What is the greatest common factor of 271008 and 8?
8
Calculate the highest common factor of 528 and 25806.
66
Calculate the greatest common divisor of 87561 and 81.
81
Calculate the greatest common factor of 1926 and 102506.
214
Calculate the greatest common divisor of 1550 and 200.
50
Calculate the greatest common factor of 70 and 23058.
14
Calculate the highest common factor of 49025 and 350.
25
Calculate the greatest common divisor of 1791 and 45.
9
What is the greatest common factor of 783 and 18792?
783
What is the highest common factor of 4460 and 2220?
20
What is the greatest common factor of 3451 and 1607180?
493
What is the greatest common factor of 702 and 1872897?
39
Calculate the highest common factor of 3792 and 1488.
48
Calculate the highest common divisor of 3417 and 1785.
51
What is the greatest common factor of 101801 and 7?
7
Calculate the greatest common divisor of 434 and 21514.
62
What is the highest common divisor of 25800 and 2850?
150
Calculate the highest common divisor of 71 and 17.
1
Calculate the highest common divisor of 663380 and 1476.
164
What is the greatest common factor of 648 and 8131428?
324
Calculate the highest common factor of 2140 and 576944.
428
What is the highest common factor of 211 and 464?
1
What is the greatest common divisor of 18 and 985158?
18
What is the highest common factor of 52284 and 372?
12
Calculate the greatest common factor of 18850 and 116.
58
What is the greatest common factor of 182 and 181181?
91
What is the highest common divisor of 29 and 940789?
29
What is the highest common divisor of 306 and 26826?
102
Calculate the greatest common factor of 14928 and 1632.
48
Calculate the highest common factor of 143886 and 108.
6
What is the greatest common divisor of 6 and 18402?
6
Calculate the greatest common factor of 363 and 489.
3
Calculate the greatest common factor of 97740 and 945.
135
What is the highest common divisor of 9638 and 2370?
158
What is the highest common factor of 1576 and 123322?
394
What is the highest common divisor of 45 and 3926385?
45
Calculate the greatest common divisor of 1911 and 50547.
21
Calculate the highest common factor of 6228 and 450.
18
What is the greatest common divisor of 442 and 71944?
34
What is the greatest common divisor of 136818 and 15840?
198
Calculate the greatest common factor of 3196 and 12104.
68
What is the greatest common divisor of 93510 and 8730?
90
Calculate the greatest common divisor of 10241221 and 863.
863
Calculate the greatest common factor of 33 and 8283.
33
What is the highest common divisor of 124340 and 100?
20
What is the greatest common divisor of 31416 and 1148?
28
What is the greatest common factor of 4050 and 970?
10
Calculate the greatest common factor of 1430816 and 23424.
1952
Calculate the highest common factor of 505 and 4949.
101
Calculate the highest common divisor of 240 and 48310.
10
What is the highest common divisor of 113225 and 140?
35
What is the highest common divisor of 89097 and 11781?
51
Calculate the greatest common divisor of 4026 and 30378.
366
What is the highest common divisor of 42201 and 189?
27
What is the highest common divisor of 214521 and 138?
69
Calculate the greatest common factor of 7793421 and 1151.
1151
Calculate the greatest common factor of 1450865 and 7878.
1313
What is the greatest common factor of 6 and 129366?
6
What is the highest common divisor of 1364 and 22847?
341
Calculate the greatest common divisor of 60 and 6285.
15
What is the highest common divisor of 57277 and 127?
127
Calculate the greatest common factor of 17906 and 742.
14
What is the greatest common factor of 153 and 75395?
17
What is the highest common divisor of 2800 and 7504?
112
What is the highest common factor of 11 and 564300?
11
Calculate the highest common factor